5, what is 13233 - 1?
13232
In base 5, what is 2 + -2333?
-2331
In base 13, what is 0 + 6a?
6a
In base 8, what is -1 - 240?
-241
In base 7, what is -14 + 11?
-3
In base 10, what is 109 + 0?
109
In base 10, what is -3 - -221?
218
In base 11, what is 11 - -2?
13
In base 14, what is 4 + -a?
-6
In base 4, what is 103 - 121?
-12
In base 13, what is -365 - 0?
-365
In base 14, what is d - -4?
13
In base 16, what is 4 - f2?
-ee
In base 7, what is -523 + -5?
-531
In base 8, what is 1156 + 2?
1160
In base 10, what is 65 + -1?
64
In base 6, what is -51 - -3?
-44
In base 13, what is -ca + 4?
-c6
In base 15, what is 2 - -1b4?
1b6
In base 7, what is 13 - 5043?
-5030
In base 8, what is 1 + -17?
-16
In base 2, what is 10 + -1111011?
-1111001
In base 4, what is 1 - -202332?
202333
In base 16, what is 7b - -3?
7e
In base 8, what is -4 + 112?
106
In base 16, what is -d2 - -1d?
-b5
In base 3, what is -2220121 + -12?
-2220210
In base 13, what is -11 - 49?
-5a
In base 14, what is -71 + 1?
-70
In base 10, what is 3 - -13?
16
In base 7, what is -101 + 10?
-61
In base 13, what is c57 + 2?
c59
In base 14, what is 15 - 112?
-db
In base 16, what is 2b + -8?
23
In base 10, what is -20 - 4?
-24
In base 5, what is 12422 + -1?
12421
In base 4, what is -302 - -11?
-231
In base 2, what is -1011 - -1100?
1
In base 4, what is 11 - -311?
322
In base 5, what is 3 - -2023?
2031
In base 3, what is -21021121 - -1?
-21021120
In base 3, what is 202 - -1202?
2111
In base 15, what is ae4 + 0?
ae4
In base 10, what is 4 - 1?
3
In base 7, what is 3 + -44?
-41
In base 7, what is -156 - -10?
-146
In base 13, what is -1b + -89?
-a7
In base 14, what is -4c - -26?
-26
In base 8, what is 2670 - -3?
2673
In base 15, what is -5 - -4?
-1
In base 8, what is 4630 - -6?
4636
In base 14, what is 1d + -8?
15
In base 5, what is -4 - 0?
-4
In base 6, what is 23 + -223?
-200
In base 3, what is -1000 + 10?
-220
In base 6, what is -2 + -50110?
-50112
In base 11, what is a - -335?
344
In base 13, what is 0 - -62a?
62a
In base 7, what is 2 - 410?
-405
In base 10, what is 274 + 1?
275
In base 6, what is 2 - 130?
-124
In base 8, what is -3 + -4675?
-4700
In base 12, what is 0 - -392?
392
In base 14, what is -10 - 10c?
-11c
In base 6, what is 342 - -1?
343
In base 11, what is 6 + -8?
-2
In base 5, what is 114 + 10?
124
In base 13, what is -5 - 45?
-4a
In base 9, what is 4862 - 4?
4857
In base 6, what is 353 - 3?
350
In base 16, what is -254 - 5?
-259
In base 4, what is 22 - -1201?
1223
In base 15, what is -57ad + -2?
-57b0
In base 16, what is -13c - -c?
-130
In base 6, what is 31 - 3?
24
In base 10, what is 2754 - -4?
2758
In base 12, what is -176 - -2?
-174
In base 10, what is -657 - 1?
-658
In base 11, what is 1 - 47?
-46
In base 5, what is -13242 - 0?
-13242
In base 4, what is -13203 + -10?
-13213
In base 12, what is -8 + -10?
-18
In base 15, what is 645 - 3?
642
In base 12, what is 2 - -401?
403
In base 4, what is 1 - 2231?
-2230
In base 14, what is -1454c + 2?
-1454a
In base 8, what is -232 - -4?
-226
In base 6, what is -300 - 3?
-303
In base 3, what is -2221120 + 0?
-2221120
In base 11, what is a + 11?
20
In base 12, what is 444 - 0?
444
In base 2, what is 100 - 1011011010?
-1011010110
In base 2, what is -1110 - -11100111?
11011001
In base 11, what is 182a - -3?
1832
In base 4, what is 13311 + 11?
13322
In base 4, what is 1330 + -231?
1033
In base 6, what is 20201 - 4?
20153
In base 6, what is -4 - 2320?
-2324
In base 16, what is b - -18?
23
In base 6, what is -43023 + 5?
-43014
In base 12, what is -6 - 92b?
-935
In base 4, what is 2022121 - -11?
2022132
In base 7, what is -40 - 2?
-42
In base 6, what is 102 + -122?
-20
In base 9, what is -82 + -4?
-86
In base 6, what is 1420 + -1?
1415
In base 11, what is 690 - 1?
68a
In base 6, what is -3 + -202?
-205
In base 3, what is 21020 - -2?
21022
In base 8, what is -260 + -2?
-262
In base 11, what is 18 + -4?
14
In base 6, what is -33 + 12?
-21
In base 10, what is 0 - -329?
329
In base 10, what is 4484 - -1?
4485
In base 14, what is -a - 4?
-10
In base 3, what is -12 + -10120?
-10202
In base 3, what is -10 + -100100002?
-100100012
In base 14, what is 45 + -5?
40
In base 10, what is -134 + 6?
-128
In base 6, what is -252 + 1051?
355
In base 14, what is -a0 + -5?
-a5
In base 16, what is -5 - 16?
-1b
In base 15, what is 39 - 3a?
-1
In base 4, what is -103210 + -1?
-103211
In base 10, what is -324 - -5?
-319
In base 11, what is -5 - 34?
-39
In base 13, what is 0 - -253?
253
In base 5, what is 30211 - 1?
30210
In base 14, what is -4 - c?
-12
In base 13, what is 4 + -1274?
-1270
In base 8, what is 126 - 7?
117
In base 12, what is -3 - -485?
482
In base 9, what is 4 - -41?
45
In base 3, what is 1 - -20001?
20002
In base 13, what is -377 - 4?
-37b
In base 5, what is -3 + -200332?
-200340
In base 13, what is 13 - -a?
20
In base 10, what is -11 - 3?
-14
In base 7, what is -2416 - 2?
-2421
In base 8, what is 46 - 1?
45
In base 16, what is -c - 51b?
-527
In base 6, what is -235 + 0?
-235
In base 4, what is -120 + -13?
-133
In base 12, what is 688 - 2?
686
In base 13, what is -177 + 1?
-176
In base 16, what is 11bf - 5?
11ba
In base 10, what is -3 - 56?
-59
In base 5, what is -10 + -20123?
-20133
In base 6, what is -4 + 231?
223
In base 13, what is -5 - 4c?
-54
In base 4, what is 0 + 1133?
1133
In base 2, what is -110 - 1010000101?
-1010001011
In base 11, what is -91 - 6?
-97
In base 10, what is -1 - 1641?
-1642
In base 11, what is 3 - -1144?
1147
In base 7, what is -12 + 1410?
1365
In base 6, what is -134 + -23?
-201
In base 10, what is 5914 - 4?
5910
In base 9, what is -1 - 20?
-21
In base 10, what is 132 + 3?
135
In base 5, what is -21 + -10?
-31
In base 4, what is 10 - 332?
-322
In base 14, what is 0 + 582?
582
In base 10, what is -1951 + -3?
-1954
In base 15, what is 1 - 79?
-78
In base 13, what is -5 - -2c?
27
In base 16, what is 1 + 282?
283
In base 13, what is -604 + 5?
-5cc
In base 15, what is 1 + -54?
-53
In base 9, what is -256 - -1?
-255
In base 13, what is 577 - -20?
597
In base 11, what is 6 + 598?
5a3
In base 15, what is 158 + -3?
155
In base 13, what is 5 + 1?
6
In base 13, what is -20 - b?
-2b
In base 15, what is 4 - -6?
a
In base 13, what is 3 + 286?
289
In base 15, what is be - 5?
b9
In base 4, what is 21 - -1320?
2001
In base 9, what is 1418 + 0?
1418
In base 6, what is 31545 - -5?
31554
In base 5, what is 3 + 124132?
124140
In base 13, what is 150 + -3?
14a
In base 5, what is -11 + 22?
11
In base 14, what is -1 + -53?
-54
In base 10, what is 0 - 426?
-426
In base 15, what is -64 - 14?
-78
In base 13, what is -1236 - -5?
-1231
In base 13, what is 3 + 10?
13
In base 3, what is 1 + 1101?
1102
In base 4, what is -20301 - 2?
-20303
In base 7, what is -5 + 464?
456
In base 2, what is 1 - -10000000000?
10000000001
In base 6, what is -5 + -15?
-24
In base 8, what is 5 - 11?
-4
In base 6, what is 2513 + -5?
2504
In base 12, what is 5 + a6?
ab
In base 9, what is -1345 + 0?
-1345
In base 5, what is -24 + -20?
-44
In base 6, what is -23350 - 0?
-23350
In base 5, what is -13 + -30?
-43
In base 13, what is -85 + 36?
-4c
In base 2, what is 11001001100011 + 10?
11001001100101
In base 3, what is -1 + 10222000?
10221222
In base 11, what is 8 - 28?
-20
In base 7, what is 0 + -454?
-454
In base 12, what is -350 + -a?
-35a
In base 5, what is -3 - 113?
-121
In base 6, what is -2 + 203?
201
In base 14, what is 4 + 4?
8
In base 3, what is -2012 + 11111?
2022
In base 8, what is 1 + -161?
-160
In base 12, what is -5 + -718?
-721
In base 2, what is 10010101111110 + -101?
10010101111001
In base 5, what is 13 - -3414?
3432
In base 7, what is -1401 + -1?
-1402
In base 13, what is -1 + 1c?
1b
In base 16, what is 146 - 1?
145
In base 10, what is -1 - -448?
447
In base 4, what is -200 - 1330?
-2130
In base 9, what is -5 + 114?
108
In base 5, what is 104020 + -1?
104014
In base 2, what is 10 - 10100001?
-10011111
In base 15, what is -5 - -66b?
666
In base 2, what is 100 - -1100010111?
1100011011
In base 13, what is -40 - a?
-4a
In base 14, what is 1 + -1267?
-1266
In base 9, what is 30 + -5?
24
In base 9, what is -5 - -11?
5
In base 9, what is -106 + -1?
-107
In base 7, what is -5 + -10063?
-10101
In base 4, what is -22221 - 2?
-22223
In base 12, what is 8 - 22?
-16
In base 11, what is